illions digit of 116805678?
6
What is the ten thousands digit of 3079434505?
3
What is the thousands digit of 340622329?
2
What is the thousands digit of 6133268316?
8
What is the thousands digit of 45120105?
0
What is the units digit of 4435195676?
6
What is the ten thousands digit of 56815292?
1
What is the hundreds digit of 42885234?
2
What is the thousands digit of 5102016748?
6
What is the units digit of 273855979?
9
What is the hundred thousands digit of 138713911?
7
What is the hundreds digit of 163959002?
0
What is the ten millions digit of 2014830869?
1
What is the thousands digit of 76139902?
9
What is the ten thousands digit of 586201873?
0
What is the ten thousands digit of 494225594?
2
What is the ten millions digit of 74919760?
7
What is the ten thousands digit of 561667024?
6
What is the hundred millions digit of 2761565726?
7
What is the hundreds digit of 148621574?
5
What is the ten thousands digit of 542081267?
8
What is the tens digit of 485396956?
5
What is the hundred thousands digit of 838635168?
6
What is the ten millions digit of 270706384?
7
What is the hundred thousands digit of 610942060?
9
What is the millions digit of 4369123?
4
What is the hundred millions digit of 3533163806?
5
What is the hundred thousands digit of 283726092?
7
What is the hundred thousands digit of 1070718569?
7
What is the thousands digit of 44865679?
5
What is the thousands digit of 5745142821?
2
What is the millions digit of 2822346816?
2
What is the units digit of 13181070?
0
What is the tens digit of 6189433?
3
What is the hundreds digit of 833699632?
6
What is the hundreds digit of 6743248?
2
What is the ten millions digit of 71411580?
7
What is the millions digit of 194761345?
4
What is the tens digit of 220672902?
0
What is the ten thousands digit of 1902914393?
1
What is the units digit of 42310803?
3
What is the ten millions digit of 293328740?
9
What is the ten thousands digit of 68899122?
9
What is the hundred millions digit of 299882196?
2
What is the hundred millions digit of 129721281?
1
What is the ten millions digit of 73314775?
7
What is the hundred thousands digit of 2529002718?
0
What is the millions digit of 654687903?
4
What is the tens digit of 502920714?
1
What is the ten thousands digit of 473703594?
0
What is the hundred millions digit of 138858206?
1
What is the millions digit of 689062011?
9
What is the ten thousands digit of 535691889?
9
What is the units digit of 16328624?
4
What is the hundred millions digit of 5421630650?
4
What is the hundred millions digit of 3172881432?
1
What is the units digit of 41299170?
0
What is the millions digit of 232643564?
2
What is the ten thousands digit of 113661528?
6
What is the hundred millions digit of 901446892?
9
What is the hundred thousands digit of 24065140?
0
What is the ten millions digit of 276022102?
7
What is the units digit of 138631548?
8
What is the units digit of 131473983?
3
What is the ten millions digit of 67601470?
6
What is the units digit of 5062330543?
3
What is the tens digit of 48523606?
0
What is the hundreds digit of 2366698649?
6
What is the tens digit of 98467897?
9
What is the thousands digit of 21960063?
0
What is the tens digit of 200135698?
9
What is the billions digit of 1009675866?
1
What is the billions digit of 2922232676?
2
What is the hundred thousands digit of 5117800297?
8
What is the ten thousands digit of 440478169?
7
What is the thousands digit of 1278473851?
3
What is the thousands digit of 7932032?
2
What is the thousands digit of 401672381?
2
What is the ten millions digit of 2680472667?
8
What is the hundred thousands digit of 53563247?
5
What is the tens digit of 2685844832?
3
What is the thousands digit of 971763949?
3
What is the ten millions digit of 2795665437?
9
What is the tens digit of 211627233?
3
What is the units digit of 48274071?
1
What is the hundreds digit of 58474896?
8
What is the tens digit of 50478736?
3
What is the hundred thousands digit of 508873331?
8
What is the hundreds digit of 5853294862?
8
What is the ten millions digit of 327580490?
2
What is the tens digit of 141742782?
8
What is the ten millions digit of 167552153?
6
What is the units digit of 276431083?
3
What is the millions digit of 194365225?
4
What is the tens digit of 158891507?
0
What is the hundred thousands digit of 229802533?
8
What is the hundred millions digit of 122628326?
1
What is the hundred millions digit of 4226085508?
2
What is the ten thousands digit of 2005155452?
5
What is the thousands digit of 25142846?
2
What is the hundred millions digit of 1088358621?
0
What is the units digit of 13854128?
8
What is the hundred millions digit of 212130748?
2
What is the units digit of 360291825?
5
What is the ten thousands digit of 378904695?
0
What is the ten thousands digit of 519697121?
9
What is the ten millions digit of 2110756279?
1
What is the ten thousands digit of 21490527?
9
What is the ten millions digit of 1014687684?
1
What is the ten millions digit of 1451880950?
5
What is the hundred millions digit of 188796163?
1
What is the tens digit of 1271257850?
5
What is the ten thousands digit of 183215962?
1
What is the tens digit of 894508813?
1
What is the ten millions digit of 22845625?
2
What is the units digit of 16476332?
2
What is the billions digit of 1019936264?
1
What is the hundred thousands digit of 29835505?
8
What is the millions digit of 214489529?
4
What is the tens digit of 381083383?
8
What is the billions digit of 1716750821?
1
What is the units digit of 360175984?
4
What is the ten thousands digit of 8262593?
6
What is the hundreds digit of 2316944461?
4
What is the millions digit of 140890497?
0
What is the billions digit of 1516233126?
1
What is the ten thousands digit of 726005313?
0
What is the millions digit of 97856601?
7
What is the ten thousands digit of 500076487?
7
What is the tens digit of 324140288?
8
What is the ten thousands digit of 755025634?
2
What is the thousands digit of 507084584?
4
What is the tens digit of 76723587?
8
What is the hundred millions digit of 228030879?
2
What is the hundreds digit of 1353763738?
7
What is the ten thousands digit of 62367034?
6
What is the thousands digit of 31440199?
0
What is the hundred thousands digit of 7371442709?
4
What is the thousands digit of 287512085?
2
What is the hundred thousands digit of 363304056?
3
What is the units digit of 38237818?
8
What is the tens digit of 5162320?
2
What is the thousands digit of 7254131146?
1
What is the tens digit of 29422507?
0
What is the thousands digit of 951493912?
3
What is the hundred thousands digit of 124423962?
4
What is the ten millions digit of 75396780?
7
What is the ten thousands digit of 85569659?
6
What is the tens digit of 121216176?
7
What is the ten thousands digit of 386524944?
2
What is the thousands digit of 6821495?
1
What is the tens digit of 14313142?
4
What is the tens digit of 1713421550?
5
What is the tens digit of 5839283680?
8
What is the tens digit of 870722131?
3
What is the ten millions digit of 92183164?
9
What is the hundred millions digit of 149658302?
1
What is the ten thousands digit of 12212939?
1
What is the units digit of 111972629?
9
What is the millions digit of 662105570?
2
What is the ten thousands digit of 422529773?
2
What is the tens digit of 92317771?
7
What is the hundreds digit of 927647856?
8
What is the millions digit of 24560375?
4
What is the ten thousands digit of 374027185?
2
What is the units digit of 76672738?
8
What is the millions digit of 191691180?
1
What is the millions digit of 69381409?
9
What is the ten millions digit of 437089991?
3
What is the hundreds digit of 4973331051?
0
What is the ten millions digit of 202586110?
0
What is the hundred millions digit of 3602056985?
6
What is the ten thousands digit of 45450959?
5
What is the hundred thousands digit of 83268294?
2
What is the millions digit of 20646941?
0
What is the hundred thousands digit of 1069691805?
6
What is the hundred thousands digit of 3363985?
3
What is the thousands digit of 2370425742?
5
What is the ten millions digit of 29422673?
2
What is the ten thousands digit of 642738863?
3
What is the units digit of 11047918?
8
What is the hundreds digit of 1353031208?
2
What is the thousa